10.
7
Calculate the remainder when 1265 is divided by 59.
26
What is the remainder when 3528 is divided by 7?
0
Calculate the remainder when 221 is divided by 65.
26
What is the remainder when 966 is divided by 951?
15
What is the remainder when 291 is divided by 42?
39
What is the remainder when 665 is divided by 166?
1
What is the remainder when 254 is divided by 15?
14
Calculate the remainder when 3197 is divided by 10.
7
Calculate the remainder when 61 is divided by 21.
19
Calculate the remainder when 4057 is divided by 33.
31
Calculate the remainder when 1304 is divided by 251.
49
What is the remainder when 167 is divided by 17?
14
Calculate the remainder when 444 is divided by 75.
69
Calculate the remainder when 2545 is divided by 91.
88
What is the remainder when 1230 is divided by 488?
254
What is the remainder when 308 is divided by 13?
9
What is the remainder when 251 is divided by 244?
7
Calculate the remainder when 681 is divided by 4.
1
Calculate the remainder when 176 is divided by 172.
4
What is the remainder when 30 is divided by 17?
13
What is the remainder when 232 is divided by 13?
11
Calculate the remainder when 303 is divided by 51.
48
Calculate the remainder when 3325 is divided by 13.
10
Calculate the remainder when 4382 is divided by 22.
4
Calculate the remainder when 1760 is divided by 128.
96
What is the remainder when 1118 is divided by 43?
0
Calculate the remainder when 13605 is divided by 42.
39
Calculate the remainder when 300 is divided by 30.
0
Calculate the remainder when 454 is divided by 97.
66
What is the remainder when 23 is divided by 23?
0
Calculate the remainder when 33399 is divided by 20.
19
What is the remainder when 609 is divided by 101?
3
What is the remainder when 57 is divided by 40?
17
What is the remainder when 417 is divided by 25?
17
Calculate the remainder when 216 is divided by 11.
7
Calculate the remainder when 497 is divided by 25.
22
What is the remainder when 576 is divided by 13?
4
Calculate the remainder when 800 is divided by 242.
74
What is the remainder when 197 is divided by 8?
5
What is the remainder when 283 is divided by 93?
4
What is the remainder when 5912 is divided by 91?
88
What is the remainder when 1948 is divided by 31?
26
What is the remainder when 310 is divided by 43?
9
What is the remainder when 244 is divided by 121?
2
Calculate the remainder when 120 is divided by 20.
0
What is the remainder when 531 is divided by 33?
3
What is the remainder when 935 is divided by 436?
63
What is the remainder when 597 is divided by 73?
13
Calculate the remainder when 1031 is divided by 206.
1
What is the remainder when 948 is divided by 120?
108
What is the remainder when 52 is divided by 31?
21
Calculate the remainder when 33533 is divided by 81.
80
What is the remainder when 340 is divided by 29?
21
Calculate the remainder when 1411 is divided by 31.
16
What is the remainder when 638 is divided by 128?
126
What is the remainder when 81 is divided by 46?
35
Calculate the remainder when 112 is divided by 64.
48
What is the remainder when 159 is divided by 6?
3
What is the remainder when 463 is divided by 59?
50
What is the remainder when 1137 is divided by 39?
6
What is the remainder when 94 is divided by 24?
22
What is the remainder when 201 is divided by 85?
31
What is the remainder when 88 is divided by 9?
7
Calculate the remainder when 25 is divided by 15.
10
Calculate the remainder when 575 is divided by 12.
11
What is the remainder when 264 is divided by 46?
34
What is the remainder when 147 is divided by 77?
70
What is the remainder when 87 is divided by 35?
17
Calculate the remainder when 8197 is divided by 41.
38
Calculate the remainder when 983 is divided by 39.
8
Calculate the remainder when 574 is divided by 66.
46
What is the remainder when 197 is divided by 10?
7
Calculate the remainder when 1440 is divided by 38.
34
Calculate the remainder when 283 is divided by 21.
10
Calculate the remainder when 398 is divided by 13.
8
What is the remainder when 2314 is divided by 61?
57
Calculate the remainder when 294 is divided by 43.
36
What is the remainder when 2220 is divided by 117?
114
Calculate the remainder when 109 is divided by 38.
33
What is the remainder when 10670 is divided by 92?
90
What is the remainder when 3134 is divided by 57?
56
What is the remainder when 21097 is divided by 13?
11
What is the remainder when 298 is divided by 7?
4
What is the remainder when 5654 is divided by 56?
54
What is the remainder when 631 is divided by 160?
151
What is the remainder when 93 is divided by 26?
15
Calculate the remainder when 7069 is divided by 8.
5
Calculate the remainder when 42 is divided by 25.
17
What is the remainder when 89 is divided by 25?
14
What is the remainder when 38 is divided by 11?
5
Calculate the remainder when 34185 is divided by 231.
228
Calculate the remainder when 44 is divided by 7.
2
What is the remainder when 470 is divided by 79?
75
Calculate the remainder when 447 is divided by 28.
27
Calculate the remainder when 1687 is divided by 558.
13
What is the remainder when 2434 is divided by 28?
26
What is the remainder when 119 is divided by 8?
7
What is the remainder when 328 is divided by 252?
76
What is the remainder when 144 is divided by 27?
9
What is the remainder when 335 is divided by 26?
23
Calculate the remainder when 459 is divided by 65.
4
Calculate the remainder when 326 is divided by 48.
38
Calculate the remainder when 212 is divided by 43.
40
What is the remainder when 368 is divided by 42?
32
What is the remainder when 173 is divided by 5?
3
What is the remainder when 339 is divided by 9?
6
Calculate the remainder when 1261 is divided by 16.
13
Calculate the remainder when 139 is divided by 7.
6
What is the remainder when 41 is divided by 22?
19
Calculate the remainder when 172 is divided by 57.
1
Calculate the remainder when 6405 is divided by 6405.
0
Calculate the remainder when 1083 is divided by 34.
29
What is the remainder when 1843 is divided by 2?
1
What is the remainder when 129 is divided by 3?
0
What is the remainder when 1930 is divided by 236?
42
What is the remainder when 302 is divided by 38?
36
What is the remainder when 357 is divided by 20?
17
What is the remainder when 249 is divided by 14?
11
Calculate the remainder when 590 is divided by 66.
62
What is the remainder when 111 is divided by 47?
17
Calculate the remainder when 69 is divided by 32.
5
Calculate the remainder when 1576 is divided by 320.
296
Calculate the remainder when 7556 is divided by 33.
32
What is the remainder when 1743 is divided by 21?
0
Calculate the remainder when 216 is divided by 35.
6
What is the remainder when 236 is divided by 20?
16
What is the remainder when 40 is divided by 7?
5
Calculate the remainder when 9117 is divided by 48.
45
What is the remainder when 227 is divided by 33?
29
Calculate the remainder when 656 is divided by 50.
6
What is the remainder when 567 is divided by 15?
12
Calculate the remainder when 19 is divided by 18.
1
What is the remainder when 43 is divided by 19?
5
What is the remainder when 1875 is divided by 67?
66
Calculate the remainder when 17 is divided by 4.
1
What is the remainder when 2987 is divided by 83?
82
What is the remainder when 10399 is divided by 40?
39
Calculate the remainder when 12 is divided by 8.
4
Calculate the remainder when 987 is divided by 90.
87
What is the remainder when 1305 is divided by 50?
5
What is the remainder when 1361 is divided by 91?
87
What is the remainder when 460 is divided by 115?
0
What is the remainder when 470 is divided by 43?
40
What is the remainder when 187 is divided by 104?
83
What is the remainder when 232 is divided by 47?
44
Calculate the remainder when 83 is divided by 25.
8
Calculate the remainder when 101 is divided by 15.
11
Calculate the remainder when 297 is divided by 44.
33
Calculate the remainder when 80 is divided by 48.
32
Calculate the remainder when 21 is divided by 18.
3
What is the remainder when 811 is divided by 74?
71
Calculate the remainder when 297 is divided by 81.
54
What is the remainder when 158 is divided by 1?
0
What is the remainder when 124 is divided by 21?
19
What is the remainder when 1625 is divided by 135?
5
What is